{"id":1854,"date":"2025-05-12T11:59:24","date_gmt":"2025-05-12T16:59:24","guid":{"rendered":"https:\/\/blog.wacheckin.com\/?page_id=1854"},"modified":"2025-05-12T23:18:40","modified_gmt":"2025-05-13T04:18:40","slug":"atencion-a-huespedes","status":"publish","type":"page","link":"https:\/\/blog.wacheckin.com\/index.php\/atencion-a-huespedes","title":{"rendered":"Atenci\u00f3n a Hu\u00e9spedes"},"content":{"rendered":"\t\t<div data-elementor-type=\"wp-page\" data-elementor-id=\"1854\" class=\"elementor elementor-1854\" data-elementor-post-type=\"page\">\n\t\t\t\t<div class=\"elementor-element elementor-element-33c9e24 e-flex e-con-boxed e-con e-parent\" data-id=\"33c9e24\" data-element_type=\"container\" data-settings=\"{&quot;background_background&quot;:&quot;classic&quot;}\">\n\t\t\t\t\t<div class=\"e-con-inner\">\n\t\t<div class=\"elementor-element elementor-element-484f090 e-con-full e-flex e-con e-child\" data-id=\"484f090\" data-element_type=\"container\" data-settings=\"{&quot;background_background&quot;:&quot;classic&quot;}\">\n\t\t\t\t<div class=\"elementor-element elementor-element-0f39b2e elementor-widget elementor-widget-heading\" data-id=\"0f39b2e\" data-element_type=\"widget\" data-widget_type=\"heading.default\">\n\t\t\t\t<div class=\"elementor-widget-container\">\n\t\t\t\t\t<h2 class=\"elementor-heading-title elementor-size-default\">Tus hu\u00e9spedes, felices desde el primer mensaje<\/h2>\t\t\t\t<\/div>\n\t\t\t\t<\/div>\n\t\t\t\t<div class=\"elementor-element elementor-element-5c564c3 elementor-widget elementor-widget-text-editor\" data-id=\"5c564c3\" data-element_type=\"widget\" data-widget_type=\"text-editor.default\">\n\t\t\t\t<div class=\"elementor-widget-container\">\n\t\t\t\t\t\t\t\t\t<p>Con <strong data-start=\"201\" data-end=\"214\">WaCheckin<\/strong>, darles la bienvenida es tan f\u00e1cil como decir \u201cHola\u201d. El <strong data-start=\"272\" data-end=\"297\">check-in por WhatsApp<\/strong> arranca con un mensaje autom\u00e1tico (\u00a1que puedes personalizar!). Recibe valoraciones autom\u00e1ticas y deja que tu atenci\u00f3n al cliente hable por ti&#8230; aunque t\u00fa est\u00e9s en otra cosa.<\/p>\t\t\t\t\t\t\t\t<\/div>\n\t\t\t\t<\/div>\n\t\t\t\t<\/div>\n\t\t<div class=\"elementor-element elementor-element-dbbb711 e-con-full e-flex e-con e-child\" data-id=\"dbbb711\" data-element_type=\"container\">\n\t\t<div class=\"elementor-element elementor-element-12671b2 e-con-full e-flex e-con e-child\" data-id=\"12671b2\" data-element_type=\"container\">\n\t\t\t\t<\/div>\n\t\t<div class=\"elementor-element elementor-element-c67b1a1 e-con-full e-flex e-con e-child\" data-id=\"c67b1a1\" data-element_type=\"container\">\n\t\t\t\t<div class=\"elementor-element elementor-element-0fc43bb elementor-widget elementor-widget-button\" data-id=\"0fc43bb\" data-element_type=\"widget\" data-widget_type=\"button.default\">\n\t\t\t\t<div class=\"elementor-widget-container\">\n\t\t\t\t\t\t\t\t\t<div class=\"elementor-button-wrapper\">\n\t\t\t\t\t<a class=\"elementor-button elementor-button-link elementor-size-sm\" href=\"#\">\n\t\t\t\t\t\t<span class=\"elementor-button-content-wrapper\">\n\t\t\t\t\t\t\t\t\t<span class=\"elementor-button-text\">Pruebala Gratis <\/span>\n\t\t\t\t\t<\/span>\n\t\t\t\t\t<\/a>\n\t\t\t\t<\/div>\n\t\t\t\t\t\t\t\t<\/div>\n\t\t\t\t<\/div>\n\t\t\t\t<\/div>\n\t\t<div class=\"elementor-element elementor-element-64a35b5 e-con-full e-flex e-con e-child\" data-id=\"64a35b5\" data-element_type=\"container\">\n\t\t\t\t<\/div>\n\t\t\t\t<\/div>\n\t\t\t\t\t<\/div>\n\t\t\t\t<\/div>\n\t\t<div class=\"elementor-element elementor-element-cde81c5 e-flex e-con-boxed e-con e-parent\" data-id=\"cde81c5\" data-element_type=\"container\">\n\t\t\t\t\t<div class=\"e-con-inner\">\n\t\t\t\t<div class=\"elementor-element elementor-element-07a553c elementor-widget elementor-widget-image\" data-id=\"07a553c\" data-element_type=\"widget\" data-widget_type=\"image.default\">\n\t\t\t\t<div class=\"elementor-widget-container\">\n\t\t\t\t\t\t\t\t\t\t\t\t\t\t\t<img fetchpriority=\"high\" decoding=\"async\" width=\"800\" height=\"567\" src=\"https:\/\/blog.wacheckin.com\/wp-content\/uploads\/2025\/05\/checkin-online-wacheckin--1024x726.png\" class=\"attachment-large size-large wp-image-1867\" alt=\"\" srcset=\"https:\/\/blog.wacheckin.com\/wp-content\/uploads\/2025\/05\/checkin-online-wacheckin--1024x726.png 1024w, https:\/\/blog.wacheckin.com\/wp-content\/uploads\/2025\/05\/checkin-online-wacheckin--300x213.png 300w, https:\/\/blog.wacheckin.com\/wp-content\/uploads\/2025\/05\/checkin-online-wacheckin--768x545.png 768w, https:\/\/blog.wacheckin.com\/wp-content\/uploads\/2025\/05\/checkin-online-wacheckin-.png 1344w\" sizes=\"(max-width: 800px) 100vw, 800px\" \/>\t\t\t\t\t\t\t\t\t\t\t\t\t\t\t<\/div>\n\t\t\t\t<\/div>\n\t\t\t\t\t<\/div>\n\t\t\t\t<\/div>\n\t\t<div class=\"elementor-element elementor-element-c3bc201 e-flex e-con-boxed e-con e-parent\" data-id=\"c3bc201\" data-element_type=\"container\">\n\t\t\t\t\t<div class=\"e-con-inner\">\n\t\t<div class=\"elementor-element elementor-element-0a28f64 e-con-full e-flex e-con e-child\" data-id=\"0a28f64\" data-element_type=\"container\">\n\t\t\t\t<div class=\"elementor-element elementor-element-3514496 elementor-widget elementor-widget-heading\" data-id=\"3514496\" data-element_type=\"widget\" data-widget_type=\"heading.default\">\n\t\t\t\t<div class=\"elementor-widget-container\">\n\t\t\t\t\t<h2 class=\"elementor-heading-title elementor-size-default\">Un mensaje que da la mejor primera impresi\u00f3n<\/h2>\t\t\t\t<\/div>\n\t\t\t\t<\/div>\n\t\t\t\t<div class=\"elementor-element elementor-element-528e5fd elementor-widget elementor-widget-text-editor\" data-id=\"528e5fd\" data-element_type=\"widget\" data-widget_type=\"text-editor.default\">\n\t\t\t\t<div class=\"elementor-widget-container\">\n\t\t\t\t\t\t\t\t\t<p>Al realizar el check-in, tu hu\u00e9sped recibe por WhatsApp un mensaje de bienvenida completamente autom\u00e1tico. Pero no es cualquier mensaje: lo puedes personalizar con toda la info \u00fatil para que llegue tranquilo y se sienta bien recibido desde el primer momento. Es como tener un recepcionista disponible 24\/7, sin levantar un dedo.<\/p>\t\t\t\t\t\t\t\t<\/div>\n\t\t\t\t<\/div>\n\t\t\t\t<\/div>\n\t\t<div class=\"elementor-element elementor-element-762fb8f e-con-full e-flex e-con e-child\" data-id=\"762fb8f\" data-element_type=\"container\">\n\t\t\t\t<div class=\"elementor-element elementor-element-929949a elementor-widget elementor-widget-image\" data-id=\"929949a\" data-element_type=\"widget\" data-widget_type=\"image.default\">\n\t\t\t\t<div class=\"elementor-widget-container\">\n\t\t\t\t\t\t\t\t\t\t\t\t\t\t\t<img decoding=\"async\" width=\"767\" height=\"556\" src=\"https:\/\/blog.wacheckin.com\/wp-content\/uploads\/2025\/05\/mensaje-de-bienvenida-wacheckin.png\" class=\"attachment-large size-large wp-image-1878\" alt=\"\" srcset=\"https:\/\/blog.wacheckin.com\/wp-content\/uploads\/2025\/05\/mensaje-de-bienvenida-wacheckin.png 767w, https:\/\/blog.wacheckin.com\/wp-content\/uploads\/2025\/05\/mensaje-de-bienvenida-wacheckin-300x217.png 300w\" sizes=\"(max-width: 767px) 100vw, 767px\" \/>\t\t\t\t\t\t\t\t\t\t\t\t\t\t\t<\/div>\n\t\t\t\t<\/div>\n\t\t\t\t<\/div>\n\t\t\t\t\t<\/div>\n\t\t\t\t<\/div>\n\t\t<div class=\"elementor-element elementor-element-d132cc0 e-flex e-con-boxed e-con e-parent\" data-id=\"d132cc0\" data-element_type=\"container\">\n\t\t\t\t\t<div class=\"e-con-inner\">\n\t\t<div class=\"elementor-element elementor-element-817207e e-con-full e-flex e-con e-child\" data-id=\"817207e\" data-element_type=\"container\">\n\t\t\t\t<div class=\"elementor-element elementor-element-4ac9353 elementor-widget elementor-widget-image\" data-id=\"4ac9353\" data-element_type=\"widget\" data-widget_type=\"image.default\">\n\t\t\t\t<div class=\"elementor-widget-container\">\n\t\t\t\t\t\t\t\t\t\t\t\t\t\t\t<img decoding=\"async\" width=\"800\" height=\"499\" src=\"https:\/\/blog.wacheckin.com\/wp-content\/uploads\/2025\/05\/ventas-cruzadas.png\" class=\"attachment-large size-large wp-image-1903\" alt=\"\" srcset=\"https:\/\/blog.wacheckin.com\/wp-content\/uploads\/2025\/05\/ventas-cruzadas.png 891w, https:\/\/blog.wacheckin.com\/wp-content\/uploads\/2025\/05\/ventas-cruzadas-300x187.png 300w, https:\/\/blog.wacheckin.com\/wp-content\/uploads\/2025\/05\/ventas-cruzadas-768x479.png 768w\" sizes=\"(max-width: 800px) 100vw, 800px\" \/>\t\t\t\t\t\t\t\t\t\t\t\t\t\t\t<\/div>\n\t\t\t\t<\/div>\n\t\t\t\t<\/div>\n\t\t<div class=\"elementor-element elementor-element-8ecea83 e-con-full e-flex e-con e-child\" data-id=\"8ecea83\" data-element_type=\"container\">\n\t\t\t\t<div class=\"elementor-element elementor-element-c31bb72 elementor-widget elementor-widget-heading\" data-id=\"c31bb72\" data-element_type=\"widget\" data-widget_type=\"heading.default\">\n\t\t\t\t<div class=\"elementor-widget-container\">\n\t\t\t\t\t<h2 class=\"elementor-heading-title elementor-size-default\">Tus servicios, directo al WhatsApp del hu\u00e9sped<\/h2>\t\t\t\t<\/div>\n\t\t\t\t<\/div>\n\t\t\t\t<div class=\"elementor-element elementor-element-5376dc2 elementor-widget elementor-widget-text-editor\" data-id=\"5376dc2\" data-element_type=\"widget\" data-widget_type=\"text-editor.default\">\n\t\t\t\t<div class=\"elementor-widget-container\">\n\t\t\t\t\t\t\t\t\t<p><strong>\u00bfTienes tours, carta de restaurante, transporte o cualquier otro servicio extra?<\/strong><\/p><p>Si ofreces algo m\u00e1s que solo alojamiento\u2014como tours, comidas, transporte o servicios extra\u2014ac\u00e1 puedes tenerlo todo en un solo lugar. Al terminar el check-in, tu hu\u00e9sped recibe un enlace por WhatsApp donde puede ver todo lo que tienes para ofrecerle, sin tener que preguntar o buscarlo. As\u00ed se entera de todo desde el inicio y, si quiere, puede reservar de una vez.<\/p>\t\t\t\t\t\t\t\t<\/div>\n\t\t\t\t<\/div>\n\t\t\t\t<div class=\"elementor-element elementor-element-2dec483 elementor-widget elementor-widget-heading\" data-id=\"2dec483\" data-element_type=\"widget\" data-widget_type=\"heading.default\">\n\t\t\t\t<div class=\"elementor-widget-container\">\n\t\t\t\t\t<h2 class=\"elementor-heading-title elementor-size-default\">Ventas Cruzadas   <i class=\"fa-solid fa-arrow-up-right-from-square\"><\/i><\/h2>\t\t\t\t<\/div>\n\t\t\t\t<\/div>\n\t\t\t\t<\/div>\n\t\t\t\t\t<\/div>\n\t\t\t\t<\/div>\n\t\t<div class=\"elementor-element elementor-element-513add0 e-flex e-con-boxed e-con e-parent\" data-id=\"513add0\" data-element_type=\"container\">\n\t\t\t\t\t<div class=\"e-con-inner\">\n\t\t<div class=\"elementor-element elementor-element-cc7802d e-con-full e-flex e-con e-child\" data-id=\"cc7802d\" data-element_type=\"container\">\n\t\t\t\t<div class=\"elementor-element elementor-element-9abc5e0 elementor-widget elementor-widget-heading\" data-id=\"9abc5e0\" data-element_type=\"widget\" data-widget_type=\"heading.default\">\n\t\t\t\t<div class=\"elementor-widget-container\">\n\t\t\t\t\t<h2 class=\"elementor-heading-title elementor-size-default\">ChatBot IA por WhatsApp<\/h2>\t\t\t\t<\/div>\n\t\t\t\t<\/div>\n\t\t\t\t<div class=\"elementor-element elementor-element-17ea448 elementor-widget elementor-widget-text-editor\" data-id=\"17ea448\" data-element_type=\"widget\" data-widget_type=\"text-editor.default\">\n\t\t\t\t<div class=\"elementor-widget-container\">\n\t\t\t\t\t\t\t\t\t<p>Tu hu\u00e9sped escribe, el bot responde. As\u00ed de simple. Desde que reservan hasta el final de su estancia, el chatbot se encarga de darles una atenci\u00f3n r\u00e1pida y constante por WhatsApp, resolviendo dudas frecuentes sin que tengas que intervenir cada vez. Es como tener un recepcionista virtual 24\/7.<\/p>\t\t\t\t\t\t\t\t<\/div>\n\t\t\t\t<\/div>\n\t\t\t\t<div class=\"elementor-element elementor-element-cc6df1f elementor-widget elementor-widget-heading\" data-id=\"cc6df1f\" data-element_type=\"widget\" data-widget_type=\"heading.default\">\n\t\t\t\t<div class=\"elementor-widget-container\">\n\t\t\t\t\t<h2 class=\"elementor-heading-title elementor-size-default\">ChatBot IA   <i class=\"fa-solid fa-arrow-up-right-from-square\"><\/i><\/h2>\t\t\t\t<\/div>\n\t\t\t\t<\/div>\n\t\t\t\t<\/div>\n\t\t<div class=\"elementor-element elementor-element-960aa03 e-con-full e-flex e-con e-child\" data-id=\"960aa03\" data-element_type=\"container\">\n\t\t\t\t<div class=\"elementor-element elementor-element-14dee72 elementor-widget elementor-widget-image\" data-id=\"14dee72\" data-element_type=\"widget\" data-widget_type=\"image.default\">\n\t\t\t\t<div class=\"elementor-widget-container\">\n\t\t\t\t\t\t\t\t\t\t\t\t\t\t\t<img loading=\"lazy\" decoding=\"async\" width=\"655\" height=\"499\" src=\"https:\/\/blog.wacheckin.com\/wp-content\/uploads\/2025\/05\/chatbot-ia-WACheckin.png\" class=\"attachment-large size-large wp-image-1917\" alt=\"\" srcset=\"https:\/\/blog.wacheckin.com\/wp-content\/uploads\/2025\/05\/chatbot-ia-WACheckin.png 655w, https:\/\/blog.wacheckin.com\/wp-content\/uploads\/2025\/05\/chatbot-ia-WACheckin-300x229.png 300w\" sizes=\"(max-width: 655px) 100vw, 655px\" \/>\t\t\t\t\t\t\t\t\t\t\t\t\t\t\t<\/div>\n\t\t\t\t<\/div>\n\t\t\t\t<\/div>\n\t\t\t\t\t<\/div>\n\t\t\t\t<\/div>\n\t\t<div class=\"elementor-element elementor-element-ab824c6 e-flex e-con-boxed e-con e-parent\" data-id=\"ab824c6\" data-element_type=\"container\">\n\t\t\t\t\t<div class=\"e-con-inner\">\n\t\t<div class=\"elementor-element elementor-element-404d5b6 e-con-full e-flex e-con e-child\" data-id=\"404d5b6\" data-element_type=\"container\">\n\t\t\t\t<div class=\"elementor-element elementor-element-3554949 elementor-widget elementor-widget-image\" data-id=\"3554949\" data-element_type=\"widget\" data-widget_type=\"image.default\">\n\t\t\t\t<div class=\"elementor-widget-container\">\n\t\t\t\t\t\t\t\t\t\t\t\t\t\t\t<img loading=\"lazy\" decoding=\"async\" width=\"746\" height=\"452\" src=\"https:\/\/blog.wacheckin.com\/wp-content\/uploads\/2025\/05\/whatsapp-recordatorios.png\" class=\"attachment-large size-large wp-image-1941\" alt=\"\" srcset=\"https:\/\/blog.wacheckin.com\/wp-content\/uploads\/2025\/05\/whatsapp-recordatorios.png 746w, https:\/\/blog.wacheckin.com\/wp-content\/uploads\/2025\/05\/whatsapp-recordatorios-300x182.png 300w\" sizes=\"(max-width: 746px) 100vw, 746px\" \/>\t\t\t\t\t\t\t\t\t\t\t\t\t\t\t<\/div>\n\t\t\t\t<\/div>\n\t\t\t\t<\/div>\n\t\t<div class=\"elementor-element elementor-element-c66eddb e-con-full e-flex e-con e-child\" data-id=\"c66eddb\" data-element_type=\"container\">\n\t\t\t\t<div class=\"elementor-element elementor-element-5cbdc78 elementor-widget elementor-widget-heading\" data-id=\"5cbdc78\" data-element_type=\"widget\" data-widget_type=\"heading.default\">\n\t\t\t\t<div class=\"elementor-widget-container\">\n\t\t\t\t\t<h2 class=\"elementor-heading-title elementor-size-default\">Recordatorios por WhatsApp<\/h2>\t\t\t\t<\/div>\n\t\t\t\t<\/div>\n\t\t\t\t<div class=\"elementor-element elementor-element-476de1b elementor-widget elementor-widget-text-editor\" data-id=\"476de1b\" data-element_type=\"widget\" data-widget_type=\"text-editor.default\">\n\t\t\t\t<div class=\"elementor-widget-container\">\n\t\t\t\t\t\t\t\t\t<p><strong>No dejes que se les pase nada a tus hu\u00e9spedes<\/strong><\/p><p>\u00bfYa es hora del desayuno?\u00a0 \u00bfHay m\u00fasica en vivo esta noche? Con nuestros recordatorios por WhatsApp puedes mantener informados a tus hu\u00e9spedes mientras est\u00e1n hospedados, sin interrumpir su descanso. Todo autom\u00e1tico, programado desde tu panel y enviado justo cuando lo necesitan.<\/p>\t\t\t\t\t\t\t\t<\/div>\n\t\t\t\t<\/div>\n\t\t\t\t<div class=\"elementor-element elementor-element-eef8b0e elementor-widget elementor-widget-heading\" data-id=\"eef8b0e\" data-element_type=\"widget\" data-widget_type=\"heading.default\">\n\t\t\t\t<div class=\"elementor-widget-container\">\n\t\t\t\t\t<h2 class=\"elementor-heading-title elementor-size-default\">Recordatorios por WhatsApp  <i class=\"fa-solid fa-arrow-up-right-from-square\"><\/i><\/h2>\t\t\t\t<\/div>\n\t\t\t\t<\/div>\n\t\t\t\t<\/div>\n\t\t\t\t\t<\/div>\n\t\t\t\t<\/div>\n\t\t\t\t<\/div>\n\t\t","protected":false},"excerpt":{"rendered":"<p>Tus hu\u00e9spedes, felices desde el primer mensaje Con WaCheckin, darles la bienvenida es tan f\u00e1cil como decir \u201cHola\u201d. El check-in por WhatsApp arranca con un mensaje autom\u00e1tico (\u00a1que puedes personalizar!). Recibe valoraciones autom\u00e1ticas y deja que tu atenci\u00f3n al cliente hable por ti&#8230; aunque t\u00fa est\u00e9s en otra cosa. Pruebala Gratis Un mensaje que da [&hellip;]<\/p>\n","protected":false},"author":1,"featured_media":0,"parent":0,"menu_order":0,"comment_status":"closed","ping_status":"closed","template":"","meta":{"footnotes":""},"class_list":["post-1854","page","type-page","status-publish","hentry"],"_links":{"self":[{"href":"https:\/\/blog.wacheckin.com\/index.php\/wp-json\/wp\/v2\/pages\/1854","targetHints":{"allow":["GET"]}}],"collection":[{"href":"https:\/\/blog.wacheckin.com\/index.php\/wp-json\/wp\/v2\/pages"}],"about":[{"href":"https:\/\/blog.wacheckin.com\/index.php\/wp-json\/wp\/v2\/types\/page"}],"author":[{"embeddable":true,"href":"https:\/\/blog.wacheckin.com\/index.php\/wp-json\/wp\/v2\/users\/1"}],"replies":[{"embeddable":true,"href":"https:\/\/blog.wacheckin.com\/index.php\/wp-json\/wp\/v2\/comments?post=1854"}],"version-history":[{"count":70,"href":"https:\/\/blog.wacheckin.com\/index.php\/wp-json\/wp\/v2\/pages\/1854\/revisions"}],"predecessor-version":[{"id":1944,"href":"https:\/\/blog.wacheckin.com\/index.php\/wp-json\/wp\/v2\/pages\/1854\/revisions\/1944"}],"wp:attachment":[{"href":"https:\/\/blog.wacheckin.com\/index.php\/wp-json\/wp\/v2\/media?parent=1854"}],"curies":[{"name":"wp","href":"https:\/\/api.w.org\/{rel}","templated":true}]}}