{"id":1937,"date":"2025-05-12T20:17:52","date_gmt":"2025-05-13T01:17:52","guid":{"rendered":"https:\/\/blog.wacheckin.com\/?page_id=1937"},"modified":"2025-06-16T13:25:39","modified_gmt":"2025-06-16T18:25:39","slug":"automatizacion","status":"publish","type":"page","link":"https:\/\/blog.wacheckin.com\/index.php\/automatizacion","title":{"rendered":"Automatizaci\u00f3n"},"content":{"rendered":"\t\t<div data-elementor-type=\"wp-page\" data-elementor-id=\"1937\" class=\"elementor elementor-1937\" data-elementor-post-type=\"page\">\n\t\t\t\t<div class=\"elementor-element elementor-element-2b90960 e-flex e-con-boxed e-con e-parent\" data-id=\"2b90960\" data-element_type=\"container\" data-settings=\"{&quot;background_background&quot;:&quot;classic&quot;}\">\n\t\t\t\t\t<div class=\"e-con-inner\">\n\t\t<div class=\"elementor-element elementor-element-0d43781 e-con-full e-flex e-con e-child\" data-id=\"0d43781\" data-element_type=\"container\" data-settings=\"{&quot;background_background&quot;:&quot;classic&quot;}\">\n\t\t\t\t<div class=\"elementor-element elementor-element-c915cdd elementor-widget elementor-widget-heading\" data-id=\"c915cdd\" data-element_type=\"widget\" data-widget_type=\"heading.default\">\n\t\t\t\t<div class=\"elementor-widget-container\">\n\t\t\t\t\t<h2 class=\"elementor-heading-title elementor-size-default\">Haz que tu alojamiento trabaje solo<\/h2>\t\t\t\t<\/div>\n\t\t\t\t<\/div>\n\t\t\t\t<div class=\"elementor-element elementor-element-cfdfac1 elementor-widget elementor-widget-text-editor\" data-id=\"cfdfac1\" data-element_type=\"widget\" data-widget_type=\"text-editor.default\">\n\t\t\t\t<div class=\"elementor-widget-container\">\n\t\t\t\t\t\t\t\t\t<p>Desp\u00eddete de las tareas repetitivas. Con nuestras herramientas de automatizaci\u00f3n, todo fluye: menos trabajo manual para ti, m\u00e1s tiempo para lo que importa. Ideal para mantener tu alojamiento tur\u00edstico bajo control sin volverte loco.<\/p>\t\t\t\t\t\t\t\t<\/div>\n\t\t\t\t<\/div>\n\t\t\t\t<\/div>\n\t\t<div class=\"elementor-element elementor-element-f6863be e-con-full e-flex e-con e-child\" data-id=\"f6863be\" data-element_type=\"container\">\n\t\t<div class=\"elementor-element elementor-element-b4f0371 e-con-full e-flex e-con e-child\" data-id=\"b4f0371\" data-element_type=\"container\">\n\t\t\t\t<\/div>\n\t\t<div class=\"elementor-element elementor-element-f8ab757 e-con-full e-flex e-con e-child\" data-id=\"f8ab757\" data-element_type=\"container\">\n\t\t\t\t<div class=\"elementor-element elementor-element-f96e716 elementor-widget elementor-widget-button\" data-id=\"f96e716\" data-element_type=\"widget\" data-widget_type=\"button.default\">\n\t\t\t\t<div class=\"elementor-widget-container\">\n\t\t\t\t\t\t\t\t\t<div class=\"elementor-button-wrapper\">\n\t\t\t\t\t<a class=\"elementor-button elementor-button-link elementor-size-sm\" href=\"#\">\n\t\t\t\t\t\t<span class=\"elementor-button-content-wrapper\">\n\t\t\t\t\t\t\t\t\t<span class=\"elementor-button-text\">Pruebala Gratis <\/span>\n\t\t\t\t\t<\/span>\n\t\t\t\t\t<\/a>\n\t\t\t\t<\/div>\n\t\t\t\t\t\t\t\t<\/div>\n\t\t\t\t<\/div>\n\t\t\t\t<\/div>\n\t\t<div class=\"elementor-element elementor-element-d06bb7a e-con-full e-flex e-con e-child\" data-id=\"d06bb7a\" data-element_type=\"container\">\n\t\t\t\t<\/div>\n\t\t\t\t<\/div>\n\t\t\t\t\t<\/div>\n\t\t\t\t<\/div>\n\t\t<div class=\"elementor-element elementor-element-8fe5854 e-flex e-con-boxed e-con e-parent\" data-id=\"8fe5854\" data-element_type=\"container\">\n\t\t\t\t\t<div class=\"e-con-inner\">\n\t\t\t\t<div class=\"elementor-element elementor-element-8f09ccc elementor-widget elementor-widget-image\" data-id=\"8f09ccc\" data-element_type=\"widget\" data-widget_type=\"image.default\">\n\t\t\t\t<div class=\"elementor-widget-container\">\n\t\t\t\t\t\t\t\t\t\t\t\t\t\t\t<img fetchpriority=\"high\" decoding=\"async\" width=\"800\" height=\"475\" src=\"https:\/\/blog.wacheckin.com\/wp-content\/uploads\/2025\/05\/checkin-automatico-1024x608.png\" class=\"attachment-large size-large wp-image-1949\" alt=\"\" srcset=\"https:\/\/blog.wacheckin.com\/wp-content\/uploads\/2025\/05\/checkin-automatico-1024x608.png 1024w, https:\/\/blog.wacheckin.com\/wp-content\/uploads\/2025\/05\/checkin-automatico-300x178.png 300w, https:\/\/blog.wacheckin.com\/wp-content\/uploads\/2025\/05\/checkin-automatico-768x456.png 768w, https:\/\/blog.wacheckin.com\/wp-content\/uploads\/2025\/05\/checkin-automatico-1536x912.png 1536w, https:\/\/blog.wacheckin.com\/wp-content\/uploads\/2025\/05\/checkin-automatico.png 1782w\" sizes=\"(max-width: 800px) 100vw, 800px\" \/>\t\t\t\t\t\t\t\t\t\t\t\t\t\t\t<\/div>\n\t\t\t\t<\/div>\n\t\t\t\t\t<\/div>\n\t\t\t\t<\/div>\n\t\t<div class=\"elementor-element elementor-element-c3ea7e4 e-flex e-con-boxed e-con e-parent\" data-id=\"c3ea7e4\" data-element_type=\"container\">\n\t\t\t\t\t<div class=\"e-con-inner\">\n\t\t<div class=\"elementor-element elementor-element-36624e2 e-con-full e-flex e-con e-child\" data-id=\"36624e2\" data-element_type=\"container\">\n\t\t\t\t<div class=\"elementor-element elementor-element-4ec4b77 elementor-widget elementor-widget-heading\" data-id=\"4ec4b77\" data-element_type=\"widget\" data-widget_type=\"heading.default\">\n\t\t\t\t<div class=\"elementor-widget-container\">\n\t\t\t\t\t<h2 class=\"elementor-heading-title elementor-size-default\">Check-in sin estr\u00e9s, directo por WhatsApp<\/h2>\t\t\t\t<\/div>\n\t\t\t\t<\/div>\n\t\t\t\t<div class=\"elementor-element elementor-element-1a27b2c elementor-widget elementor-widget-text-editor\" data-id=\"1a27b2c\" data-element_type=\"widget\" data-widget_type=\"text-editor.default\">\n\t\t\t\t<div class=\"elementor-widget-container\">\n\t\t\t\t\t\t\t\t\t<p>Tu hu\u00e9sped hace el check-in directamente desde su WhatsApp, sin apps ni complicaciones. Desde ah\u00ed mismo puede llenar sus datos, ver y firmar las pol\u00edticas del hotel, y hasta recibe el registro de entrada en autom\u00e1tico. Adem\u00e1s, puede elegir en qu\u00e9 idioma quiere hacer el proceso, porque el check-in est\u00e1 disponible en varios idiomas. Todo r\u00e1pido, ordenado y sin que t\u00fa muevas un dedo.<\/p>\t\t\t\t\t\t\t\t<\/div>\n\t\t\t\t<\/div>\n\t\t\t\t<\/div>\n\t\t<div class=\"elementor-element elementor-element-0dae22b e-con-full e-flex e-con e-child\" data-id=\"0dae22b\" data-element_type=\"container\">\n\t\t\t\t<div class=\"elementor-element elementor-element-734a9bc elementor-widget elementor-widget-image\" data-id=\"734a9bc\" data-element_type=\"widget\" data-widget_type=\"image.default\">\n\t\t\t\t<div class=\"elementor-widget-container\">\n\t\t\t\t\t\t\t\t\t\t\t\t\t\t\t<img decoding=\"async\" width=\"800\" height=\"563\" src=\"https:\/\/blog.wacheckin.com\/wp-content\/uploads\/2025\/05\/Notificacion-checkin-whatsapp-1024x720.png\" class=\"attachment-large size-large wp-image-2207\" alt=\"\" srcset=\"https:\/\/blog.wacheckin.com\/wp-content\/uploads\/2025\/05\/Notificacion-checkin-whatsapp-1024x720.png 1024w, https:\/\/blog.wacheckin.com\/wp-content\/uploads\/2025\/05\/Notificacion-checkin-whatsapp-300x211.png 300w, https:\/\/blog.wacheckin.com\/wp-content\/uploads\/2025\/05\/Notificacion-checkin-whatsapp-768x540.png 768w, https:\/\/blog.wacheckin.com\/wp-content\/uploads\/2025\/05\/Notificacion-checkin-whatsapp.png 1097w\" sizes=\"(max-width: 800px) 100vw, 800px\" \/>\t\t\t\t\t\t\t\t\t\t\t\t\t\t\t<\/div>\n\t\t\t\t<\/div>\n\t\t\t\t<\/div>\n\t\t\t\t\t<\/div>\n\t\t\t\t<\/div>\n\t\t<div class=\"elementor-element elementor-element-8839976 e-flex e-con-boxed e-con e-parent\" data-id=\"8839976\" data-element_type=\"container\">\n\t\t\t\t\t<div class=\"e-con-inner\">\n\t\t<div class=\"elementor-element elementor-element-37b4610 e-con-full e-flex e-con e-child\" data-id=\"37b4610\" data-element_type=\"container\">\n\t\t\t\t<div class=\"elementor-element elementor-element-d8fed20 elementor-widget elementor-widget-image\" data-id=\"d8fed20\" data-element_type=\"widget\" data-widget_type=\"image.default\">\n\t\t\t\t<div class=\"elementor-widget-container\">\n\t\t\t\t\t\t\t\t\t\t\t\t\t\t\t<img decoding=\"async\" width=\"800\" height=\"485\" src=\"https:\/\/blog.wacheckin.com\/wp-content\/uploads\/2025\/05\/integracion-de-las-otas-1024x621.png\" class=\"attachment-large size-large wp-image-2211\" alt=\"\" srcset=\"https:\/\/blog.wacheckin.com\/wp-content\/uploads\/2025\/05\/integracion-de-las-otas-1024x621.png 1024w, https:\/\/blog.wacheckin.com\/wp-content\/uploads\/2025\/05\/integracion-de-las-otas-300x182.png 300w, https:\/\/blog.wacheckin.com\/wp-content\/uploads\/2025\/05\/integracion-de-las-otas-768x466.png 768w, https:\/\/blog.wacheckin.com\/wp-content\/uploads\/2025\/05\/integracion-de-las-otas.png 1488w\" sizes=\"(max-width: 800px) 100vw, 800px\" \/>\t\t\t\t\t\t\t\t\t\t\t\t\t\t\t<\/div>\n\t\t\t\t<\/div>\n\t\t\t\t<\/div>\n\t\t<div class=\"elementor-element elementor-element-7c00223 e-con-full e-flex e-con e-child\" data-id=\"7c00223\" data-element_type=\"container\">\n\t\t\t\t<div class=\"elementor-element elementor-element-b3c0db3 elementor-widget elementor-widget-heading\" data-id=\"b3c0db3\" data-element_type=\"widget\" data-widget_type=\"heading.default\">\n\t\t\t\t<div class=\"elementor-widget-container\">\n\t\t\t\t\t<h2 class=\"elementor-heading-title elementor-size-default\">Bandeja de entrada unificada <\/h2>\t\t\t\t<\/div>\n\t\t\t\t<\/div>\n\t\t\t\t<div class=\"elementor-element elementor-element-607c2b5 elementor-widget elementor-widget-text-editor\" data-id=\"607c2b5\" data-element_type=\"widget\" data-widget_type=\"text-editor.default\">\n\t\t\t\t<div class=\"elementor-widget-container\">\n\t\t\t\t\t\t\t\t\t<p>Olv\u00eddate de andar entrando a cada plataforma por separado. Con nuestra bandeja de entrada unificada, ves y respondes todos los mensajes de tus hu\u00e9spedes desde un solo lugar, sin importar si vienen de Booking, Airbnb u otra OTA. M\u00e1s orden, menos l\u00edo.<\/p>\t\t\t\t\t\t\t\t<\/div>\n\t\t\t\t<\/div>\n\t\t\t\t<\/div>\n\t\t\t\t\t<\/div>\n\t\t\t\t<\/div>\n\t\t<div class=\"elementor-element elementor-element-004f691 e-flex e-con-boxed e-con e-parent\" data-id=\"004f691\" data-element_type=\"container\">\n\t\t\t\t\t<div class=\"e-con-inner\">\n\t\t<div class=\"elementor-element elementor-element-3725c03 e-con-full e-flex e-con e-child\" data-id=\"3725c03\" data-element_type=\"container\">\n\t\t\t\t<div class=\"elementor-element elementor-element-9036674 elementor-widget elementor-widget-heading\" data-id=\"9036674\" data-element_type=\"widget\" data-widget_type=\"heading.default\">\n\t\t\t\t<div class=\"elementor-widget-container\">\n\t\t\t\t\t<h2 class=\"elementor-heading-title elementor-size-default\">Automatizaci\u00f3n envio Claves de cerraduras  inteligentes<\/h2>\t\t\t\t<\/div>\n\t\t\t\t<\/div>\n\t\t\t\t<div class=\"elementor-element elementor-element-3eee9b3 elementor-widget elementor-widget-text-editor\" data-id=\"3eee9b3\" data-element_type=\"widget\" data-widget_type=\"text-editor.default\">\n\t\t\t\t<div class=\"elementor-widget-container\">\n\t\t\t\t\t\t\t\t\t<p>Olv\u00eddate de las llaves f\u00edsicas, tarjetas o estar pendiente de entregar accesos. Con nuestra integraci\u00f3n a cerraduras inteligentes, cuando el hu\u00e9sped termina su check-in online, recibe autom\u00e1ticamente su c\u00f3digo de acceso directo al WhatsApp. Puede entrar al alojamiento sin pasar por recepci\u00f3n, sin demoras y con total seguridad. T\u00fa te despreocupas, y ellos se sienten bienvenidos desde el primer momento.<\/p>\t\t\t\t\t\t\t\t<\/div>\n\t\t\t\t<\/div>\n\t\t\t\t<\/div>\n\t\t<div class=\"elementor-element elementor-element-5bf185e e-con-full e-flex e-con e-child\" data-id=\"5bf185e\" data-element_type=\"container\">\n\t\t\t\t<div class=\"elementor-element elementor-element-f82ec1e elementor-widget elementor-widget-image\" data-id=\"f82ec1e\" data-element_type=\"widget\" data-widget_type=\"image.default\">\n\t\t\t\t<div class=\"elementor-widget-container\">\n\t\t\t\t\t\t\t\t\t\t\t\t\t\t\t<img loading=\"lazy\" decoding=\"async\" width=\"800\" height=\"403\" src=\"https:\/\/blog.wacheckin.com\/wp-content\/uploads\/2025\/05\/cerradura-inteligente-checkin-1024x516.png\" class=\"attachment-large size-large wp-image-2218\" alt=\"\" srcset=\"https:\/\/blog.wacheckin.com\/wp-content\/uploads\/2025\/05\/cerradura-inteligente-checkin-1024x516.png 1024w, https:\/\/blog.wacheckin.com\/wp-content\/uploads\/2025\/05\/cerradura-inteligente-checkin-300x151.png 300w, https:\/\/blog.wacheckin.com\/wp-content\/uploads\/2025\/05\/cerradura-inteligente-checkin-768x387.png 768w, https:\/\/blog.wacheckin.com\/wp-content\/uploads\/2025\/05\/cerradura-inteligente-checkin.png 1330w\" sizes=\"(max-width: 800px) 100vw, 800px\" \/>\t\t\t\t\t\t\t\t\t\t\t\t\t\t\t<\/div>\n\t\t\t\t<\/div>\n\t\t\t\t<\/div>\n\t\t\t\t\t<\/div>\n\t\t\t\t<\/div>\n\t\t<div class=\"elementor-element elementor-element-2452b18 e-flex e-con-boxed e-con e-parent\" data-id=\"2452b18\" data-element_type=\"container\">\n\t\t\t\t\t<div class=\"e-con-inner\">\n\t\t\t\t<div class=\"elementor-element elementor-element-f9d630b elementor-widget elementor-widget-heading\" data-id=\"f9d630b\" data-element_type=\"widget\" data-widget_type=\"heading.default\">\n\t\t\t\t<div class=\"elementor-widget-container\">\n\t\t\t\t\t<h2 class=\"elementor-heading-title elementor-size-default\">Funciones para aumentar tus reservas sin intermediarios<\/h2>\t\t\t\t<\/div>\n\t\t\t\t<\/div>\n\t\t\t\t\t<\/div>\n\t\t\t\t<\/div>\n\t\t<div class=\"elementor-element elementor-element-1fd1534 e-flex e-con-boxed e-con e-parent\" data-id=\"1fd1534\" data-element_type=\"container\">\n\t\t\t\t\t<div class=\"e-con-inner\">\n\t\t<div class=\"elementor-element elementor-element-5174330 e-con-full e-flex e-con e-child\" data-id=\"5174330\" data-element_type=\"container\" data-settings=\"{&quot;background_background&quot;:&quot;classic&quot;}\">\n\t\t\t\t<div class=\"elementor-element elementor-element-74df3a7 elementor-position-left elementor-vertical-align-middle elementor-widget elementor-widget-image-box\" data-id=\"74df3a7\" data-element_type=\"widget\" data-widget_type=\"image-box.default\">\n\t\t\t\t<div class=\"elementor-widget-container\">\n\t\t\t\t\t<div class=\"elementor-image-box-wrapper\"><figure class=\"elementor-image-box-img\"><img loading=\"lazy\" decoding=\"async\" width=\"512\" height=\"512\" src=\"https:\/\/blog.wacheckin.com\/wp-content\/uploads\/2025\/03\/chat-bot-1.png\" class=\"attachment-full size-full wp-image-750\" alt=\"\" srcset=\"https:\/\/blog.wacheckin.com\/wp-content\/uploads\/2025\/03\/chat-bot-1.png 512w, https:\/\/blog.wacheckin.com\/wp-content\/uploads\/2025\/03\/chat-bot-1-300x300.png 300w, https:\/\/blog.wacheckin.com\/wp-content\/uploads\/2025\/03\/chat-bot-1-150x150.png 150w\" sizes=\"(max-width: 512px) 100vw, 512px\" \/><\/figure><div class=\"elementor-image-box-content\"><h3 class=\"elementor-image-box-title\">Valoraciones autom\u00e1ticas<\/h3><p class=\"elementor-image-box-description\">Consigue rese\u00f1as sin tener que pedirlas<\/p><\/div><\/div>\t\t\t\t<\/div>\n\t\t\t\t<\/div>\n\t\t\t\t<div class=\"elementor-element elementor-element-bc73147 elementor-widget elementor-widget-text-editor\" data-id=\"bc73147\" data-element_type=\"widget\" data-widget_type=\"text-editor.default\">\n\t\t\t\t<div class=\"elementor-widget-container\">\n\t\t\t\t\t\t\t\t\t<p data-start=\"53\" data-end=\"129\">Despu\u00e9s del check-out, WACheckin se encarga de pedirle autom\u00e1ticamente una rese\u00f1a al hu\u00e9sped. As\u00ed, pod\u00e9s sumar valoraciones sin andar record\u00e1ndolo, mejorar tu reputaci\u00f3n online y atraer m\u00e1s reservas.<\/p>\t\t\t\t\t\t\t\t<\/div>\n\t\t\t\t<\/div>\n\t\t\t\t<div class=\"elementor-element elementor-element-0af36ce elementor-widget elementor-widget-image\" data-id=\"0af36ce\" data-element_type=\"widget\" data-widget_type=\"image.default\">\n\t\t\t\t<div class=\"elementor-widget-container\">\n\t\t\t\t\t\t\t\t\t\t\t\t\t\t\t<img loading=\"lazy\" decoding=\"async\" width=\"776\" height=\"514\" src=\"https:\/\/blog.wacheckin.com\/wp-content\/uploads\/2025\/05\/reviews-automaticos-wacheckin.png\" class=\"attachment-large size-large wp-image-2225\" alt=\"\" srcset=\"https:\/\/blog.wacheckin.com\/wp-content\/uploads\/2025\/05\/reviews-automaticos-wacheckin.png 776w, https:\/\/blog.wacheckin.com\/wp-content\/uploads\/2025\/05\/reviews-automaticos-wacheckin-300x199.png 300w, https:\/\/blog.wacheckin.com\/wp-content\/uploads\/2025\/05\/reviews-automaticos-wacheckin-768x509.png 768w\" sizes=\"(max-width: 776px) 100vw, 776px\" \/>\t\t\t\t\t\t\t\t\t\t\t\t\t\t\t<\/div>\n\t\t\t\t<\/div>\n\t\t\t\t<\/div>\n\t\t<div class=\"elementor-element elementor-element-55b7959 e-con-full e-flex e-con e-child\" data-id=\"55b7959\" data-element_type=\"container\" data-settings=\"{&quot;background_background&quot;:&quot;classic&quot;}\">\n\t\t\t\t<div class=\"elementor-element elementor-element-a427efa elementor-position-left elementor-vertical-align-middle elementor-widget elementor-widget-image-box\" data-id=\"a427efa\" data-element_type=\"widget\" data-widget_type=\"image-box.default\">\n\t\t\t\t<div class=\"elementor-widget-container\">\n\t\t\t\t\t<div class=\"elementor-image-box-wrapper\"><figure class=\"elementor-image-box-img\"><img loading=\"lazy\" decoding=\"async\" width=\"512\" height=\"512\" src=\"https:\/\/blog.wacheckin.com\/wp-content\/uploads\/2025\/03\/growth.png\" class=\"attachment-full size-full wp-image-760\" alt=\"\" srcset=\"https:\/\/blog.wacheckin.com\/wp-content\/uploads\/2025\/03\/growth.png 512w, https:\/\/blog.wacheckin.com\/wp-content\/uploads\/2025\/03\/growth-300x300.png 300w, https:\/\/blog.wacheckin.com\/wp-content\/uploads\/2025\/03\/growth-150x150.png 150w\" sizes=\"(max-width: 512px) 100vw, 512px\" \/><\/figure><div class=\"elementor-image-box-content\"><h3 class=\"elementor-image-box-title\">P\u00e1gina web de reservas sincronizada<\/h3><p class=\"elementor-image-box-description\">Aumenta ingresos con cada reserva<\/p><\/div><\/div>\t\t\t\t<\/div>\n\t\t\t\t<\/div>\n\t\t\t\t<div class=\"elementor-element elementor-element-e8f22b1 elementor-widget elementor-widget-text-editor\" data-id=\"e8f22b1\" data-element_type=\"widget\" data-widget_type=\"text-editor.default\">\n\t\t\t\t<div class=\"elementor-widget-container\">\n\t\t\t\t\t\t\t\t\t<article class=\"text-token-text-primary w-full\" dir=\"auto\" data-testid=\"conversation-turn-6\" data-scroll-anchor=\"true\"><div class=\"text-base my-auto mx-auto py-5 [--thread-content-margin:--spacing(4)] @[37rem]:[--thread-content-margin:--spacing(6)] @[72rem]:[--thread-content-margin:--spacing(16)] px-(--thread-content-margin)\"><div class=\"[--thread-content-max-width:32rem] @[34rem]:[--thread-content-max-width:40rem] @[64rem]:[--thread-content-max-width:48rem] mx-auto flex max-w-(--thread-content-max-width) flex-1 text-base gap-4 md:gap-5 lg:gap-6 group\/turn-messages focus-visible:outline-hidden\" tabindex=\"-1\"><div class=\"group\/conversation-turn relative flex w-full min-w-0 flex-col agent-turn\"><div class=\"relative flex-col gap-1 md:gap-3\"><div class=\"flex max-w-full flex-col grow\"><div class=\"min-h-8 text-message relative flex w-full flex-col items-end gap-2 text-start break-words whitespace-normal [.text-message+&amp;]:mt-5\" dir=\"auto\" data-message-author-role=\"assistant\" data-message-id=\"b34ca4f8-c0cb-4292-ab94-faf4d8f43c85\" data-message-model-slug=\"gpt-4o-mini\"><div class=\"flex w-full flex-col gap-1 empty:hidden first:pt-[3px]\"><div class=\"markdown prose dark:prose-invert w-full break-words light\"><p class=\"\" data-start=\"0\" data-end=\"229\">Con nuestro plugin, los hu\u00e9spedes pueden realizar reservas directamente desde tu p\u00e1gina web. De esta forma, simplific\u00e1s el proceso de reserva, aument\u00e1s la comodidad de tus clientes y optimiz\u00e1s tus ventas sin depender de terceros.<\/p><\/div><\/div><\/div><\/div><\/div><\/div><\/div><\/div><\/article>\t\t\t\t\t\t\t\t<\/div>\n\t\t\t\t<\/div>\n\t\t\t\t<div class=\"elementor-element elementor-element-5884629 elementor-widget elementor-widget-image\" data-id=\"5884629\" data-element_type=\"widget\" data-widget_type=\"image.default\">\n\t\t\t\t<div class=\"elementor-widget-container\">\n\t\t\t\t\t\t\t\t\t\t\t\t\t\t\t<img loading=\"lazy\" decoding=\"async\" width=\"776\" height=\"514\" src=\"https:\/\/blog.wacheckin.com\/wp-content\/uploads\/2025\/05\/Plugin-para-reservas-directas-.png\" class=\"attachment-large size-large wp-image-2229\" alt=\"\" srcset=\"https:\/\/blog.wacheckin.com\/wp-content\/uploads\/2025\/05\/Plugin-para-reservas-directas-.png 776w, https:\/\/blog.wacheckin.com\/wp-content\/uploads\/2025\/05\/Plugin-para-reservas-directas--300x199.png 300w, https:\/\/blog.wacheckin.com\/wp-content\/uploads\/2025\/05\/Plugin-para-reservas-directas--768x509.png 768w\" sizes=\"(max-width: 776px) 100vw, 776px\" \/>\t\t\t\t\t\t\t\t\t\t\t\t\t\t\t<\/div>\n\t\t\t\t<\/div>\n\t\t\t\t<\/div>\n\t\t\t\t\t<\/div>\n\t\t\t\t<\/div>\n\t\t\t\t<\/div>\n\t\t","protected":false},"excerpt":{"rendered":"<p>Haz que tu alojamiento trabaje solo Desp\u00eddete de las tareas repetitivas. Con nuestras herramientas de automatizaci\u00f3n, todo fluye: menos trabajo manual para ti, m\u00e1s tiempo para lo que importa. Ideal para mantener tu alojamiento tur\u00edstico bajo control sin volverte loco. Pruebala Gratis Check-in sin estr\u00e9s, directo por WhatsApp Tu hu\u00e9sped hace el check-in directamente desde [&hellip;]<\/p>\n","protected":false},"author":1,"featured_media":0,"parent":0,"menu_order":0,"comment_status":"closed","ping_status":"closed","template":"","meta":{"footnotes":""},"class_list":["post-1937","page","type-page","status-publish","hentry"],"_links":{"self":[{"href":"https:\/\/blog.wacheckin.com\/index.php\/wp-json\/wp\/v2\/pages\/1937","targetHints":{"allow":["GET"]}}],"collection":[{"href":"https:\/\/blog.wacheckin.com\/index.php\/wp-json\/wp\/v2\/pages"}],"about":[{"href":"https:\/\/blog.wacheckin.com\/index.php\/wp-json\/wp\/v2\/types\/page"}],"author":[{"embeddable":true,"href":"https:\/\/blog.wacheckin.com\/index.php\/wp-json\/wp\/v2\/users\/1"}],"replies":[{"embeddable":true,"href":"https:\/\/blog.wacheckin.com\/index.php\/wp-json\/wp\/v2\/comments?post=1937"}],"version-history":[{"count":67,"href":"https:\/\/blog.wacheckin.com\/index.php\/wp-json\/wp\/v2\/pages\/1937\/revisions"}],"predecessor-version":[{"id":3633,"href":"https:\/\/blog.wacheckin.com\/index.php\/wp-json\/wp\/v2\/pages\/1937\/revisions\/3633"}],"wp:attachment":[{"href":"https:\/\/blog.wacheckin.com\/index.php\/wp-json\/wp\/v2\/media?parent=1937"}],"curies":[{"name":"wp","href":"https:\/\/api.w.org\/{rel}","templated":true}]}}