{"id":2374,"date":"2025-06-02T11:49:59","date_gmt":"2025-06-02T16:49:59","guid":{"rendered":"https:\/\/blog.wacheckin.com\/?page_id=2374"},"modified":"2025-06-16T13:55:15","modified_gmt":"2025-06-16T18:55:15","slug":"ventas-cruzadas","status":"publish","type":"page","link":"https:\/\/blog.wacheckin.com\/index.php\/ventas-cruzadas","title":{"rendered":"Ventas Cruzadas"},"content":{"rendered":"\t\t<div data-elementor-type=\"wp-page\" data-elementor-id=\"2374\" class=\"elementor elementor-2374\" data-elementor-post-type=\"page\">\n\t\t\t\t<div class=\"elementor-element elementor-element-3368413 e-flex e-con-boxed e-con e-parent\" data-id=\"3368413\" data-element_type=\"container\" data-settings=\"{&quot;background_background&quot;:&quot;classic&quot;}\">\n\t\t\t\t\t<div class=\"e-con-inner\">\n\t\t<div class=\"elementor-element elementor-element-cd0cb3c e-con-full e-flex e-con e-child\" data-id=\"cd0cb3c\" data-element_type=\"container\" data-settings=\"{&quot;background_background&quot;:&quot;classic&quot;}\">\n\t\t\t\t<div class=\"elementor-element elementor-element-4bc51b6 elementor-widget elementor-widget-heading\" data-id=\"4bc51b6\" data-element_type=\"widget\" data-widget_type=\"heading.default\">\n\t\t\t\t<div class=\"elementor-widget-container\">\n\t\t\t\t\t<h2 class=\"elementor-heading-title elementor-size-default\">Upselling para alojamientos<\/h2>\t\t\t\t<\/div>\n\t\t\t\t<\/div>\n\t\t\t\t<div class=\"elementor-element elementor-element-f32f9ae elementor-widget elementor-widget-heading\" data-id=\"f32f9ae\" data-element_type=\"widget\" data-widget_type=\"heading.default\">\n\t\t\t\t<div class=\"elementor-widget-container\">\n\t\t\t\t\t<h2 class=\"elementor-heading-title elementor-size-default\">Ofrece servicios y experiencias\nal WhatsApp de tu hu\u00e9sped<\/h2>\t\t\t\t<\/div>\n\t\t\t\t<\/div>\n\t\t\t\t<div class=\"elementor-element elementor-element-0354fb7 elementor-widget elementor-widget-text-editor\" data-id=\"0354fb7\" data-element_type=\"widget\" data-widget_type=\"text-editor.default\">\n\t\t\t\t<div class=\"elementor-widget-container\">\n\t\t\t\t\t\t\t\t\t<p>Convierte cada reserva en una oportunidad para aumentar tus ingresos. Con nuestras herramientas de ventas cruzadas, puedes promocionar servicios adicionales de forma autom\u00e1tica y sin fricciones. Tus hu\u00e9spedes reciben sugerencias \u00fatiles y t\u00fa aumentas el valor de cada estancia.<\/p>\t\t\t\t\t\t\t\t<\/div>\n\t\t\t\t<\/div>\n\t\t\t\t<\/div>\n\t\t<div class=\"elementor-element elementor-element-6d49b93 e-con-full e-flex e-con e-child\" data-id=\"6d49b93\" data-element_type=\"container\">\n\t\t<div class=\"elementor-element elementor-element-5d17526 e-con-full e-flex e-con e-child\" data-id=\"5d17526\" data-element_type=\"container\">\n\t\t\t\t<\/div>\n\t\t<div class=\"elementor-element elementor-element-ff00c79 e-con-full e-flex e-con e-child\" data-id=\"ff00c79\" data-element_type=\"container\">\n\t\t\t\t<div class=\"elementor-element elementor-element-cefd7cd elementor-widget elementor-widget-button\" data-id=\"cefd7cd\" data-element_type=\"widget\" data-widget_type=\"button.default\">\n\t\t\t\t<div class=\"elementor-widget-container\">\n\t\t\t\t\t\t\t\t\t<div class=\"elementor-button-wrapper\">\n\t\t\t\t\t<a class=\"elementor-button elementor-button-link elementor-size-sm\" href=\"#\">\n\t\t\t\t\t\t<span class=\"elementor-button-content-wrapper\">\n\t\t\t\t\t\t\t\t\t<span class=\"elementor-button-text\">Pruebala Gratis <\/span>\n\t\t\t\t\t<\/span>\n\t\t\t\t\t<\/a>\n\t\t\t\t<\/div>\n\t\t\t\t\t\t\t\t<\/div>\n\t\t\t\t<\/div>\n\t\t\t\t<\/div>\n\t\t<div class=\"elementor-element elementor-element-0e44627 e-con-full e-flex e-con e-child\" data-id=\"0e44627\" data-element_type=\"container\">\n\t\t\t\t<\/div>\n\t\t\t\t<\/div>\n\t\t\t\t\t<\/div>\n\t\t\t\t<\/div>\n\t\t<div class=\"elementor-element elementor-element-3862882 e-flex e-con-boxed e-con e-parent\" data-id=\"3862882\" data-element_type=\"container\">\n\t\t\t\t\t<div class=\"e-con-inner\">\n\t\t\t\t<div class=\"elementor-element elementor-element-e5f455e elementor-widget elementor-widget-image\" data-id=\"e5f455e\" data-element_type=\"widget\" data-widget_type=\"image.default\">\n\t\t\t\t<div class=\"elementor-widget-container\">\n\t\t\t\t\t\t\t\t\t\t\t\t\t\t\t<img fetchpriority=\"high\" decoding=\"async\" width=\"800\" height=\"504\" src=\"https:\/\/blog.wacheckin.com\/wp-content\/uploads\/2025\/06\/Ventas-cruzadas-wacheckin.png\" class=\"attachment-large size-large wp-image-2379\" alt=\"\" srcset=\"https:\/\/blog.wacheckin.com\/wp-content\/uploads\/2025\/06\/Ventas-cruzadas-wacheckin.png 990w, https:\/\/blog.wacheckin.com\/wp-content\/uploads\/2025\/06\/Ventas-cruzadas-wacheckin-300x189.png 300w, https:\/\/blog.wacheckin.com\/wp-content\/uploads\/2025\/06\/Ventas-cruzadas-wacheckin-768x484.png 768w\" sizes=\"(max-width: 800px) 100vw, 800px\" \/>\t\t\t\t\t\t\t\t\t\t\t\t\t\t\t<\/div>\n\t\t\t\t<\/div>\n\t\t\t\t\t<\/div>\n\t\t\t\t<\/div>\n\t\t<div class=\"elementor-element elementor-element-191e22e e-flex e-con-boxed e-con e-parent\" data-id=\"191e22e\" data-element_type=\"container\">\n\t\t\t\t\t<div class=\"e-con-inner\">\n\t\t<div class=\"elementor-element elementor-element-6b4051f e-con-full e-flex e-con e-child\" data-id=\"6b4051f\" data-element_type=\"container\">\n\t\t\t\t<div class=\"elementor-element elementor-element-88552bf elementor-widget elementor-widget-image\" data-id=\"88552bf\" data-element_type=\"widget\" data-widget_type=\"image.default\">\n\t\t\t\t<div class=\"elementor-widget-container\">\n\t\t\t\t\t\t\t\t\t\t\t\t\t\t\t<img decoding=\"async\" width=\"800\" height=\"469\" src=\"https:\/\/blog.wacheckin.com\/wp-content\/uploads\/2025\/06\/ventas-cruzadas-wacheckin-upselling.png\" class=\"attachment-large size-large wp-image-2387\" alt=\"\" srcset=\"https:\/\/blog.wacheckin.com\/wp-content\/uploads\/2025\/06\/ventas-cruzadas-wacheckin-upselling.png 990w, https:\/\/blog.wacheckin.com\/wp-content\/uploads\/2025\/06\/ventas-cruzadas-wacheckin-upselling-300x176.png 300w, https:\/\/blog.wacheckin.com\/wp-content\/uploads\/2025\/06\/ventas-cruzadas-wacheckin-upselling-768x450.png 768w\" sizes=\"(max-width: 800px) 100vw, 800px\" \/>\t\t\t\t\t\t\t\t\t\t\t\t\t\t\t<\/div>\n\t\t\t\t<\/div>\n\t\t\t\t<\/div>\n\t\t<div class=\"elementor-element elementor-element-aceede9 e-con-full e-flex e-con e-child\" data-id=\"aceede9\" data-element_type=\"container\">\n\t\t\t\t<div class=\"elementor-element elementor-element-972e8f6 elementor-widget elementor-widget-heading\" data-id=\"972e8f6\" data-element_type=\"widget\" data-widget_type=\"heading.default\">\n\t\t\t\t<div class=\"elementor-widget-container\">\n\t\t\t\t\t<h2 class=\"elementor-heading-title elementor-size-default\">Ventas cruzadas sin fricci\u00f3n<\/h2>\t\t\t\t<\/div>\n\t\t\t\t<\/div>\n\t\t\t\t<div class=\"elementor-element elementor-element-065ef9b elementor-widget elementor-widget-text-editor\" data-id=\"065ef9b\" data-element_type=\"widget\" data-widget_type=\"text-editor.default\">\n\t\t\t\t<div class=\"elementor-widget-container\">\n\t\t\t\t\t\t\t\t\t<p data-start=\"693\" data-end=\"907\">Convierte cada check-in en una oportunidad para generar ingresos adicionales.<br data-start=\"338\" data-end=\"341\" \/>Con nuestro sistema de ventas cruzadas, tus hu\u00e9spedes reciben autom\u00e1ticamente un mensaje de WhatsApp con un enlace directo a los servicios extra que ofreces. Desde el m\u00f3vil y sin complicaciones, pueden ver, elegir y solicitar lo que necesiten\u2026 \u00a1al instante!<\/p>\t\t\t\t\t\t\t\t<\/div>\n\t\t\t\t<\/div>\n\t\t\t\t<\/div>\n\t\t\t\t\t<\/div>\n\t\t\t\t<\/div>\n\t\t<div class=\"elementor-element elementor-element-12b6077 e-flex e-con-boxed e-con e-parent\" data-id=\"12b6077\" data-element_type=\"container\">\n\t\t\t\t\t<div class=\"e-con-inner\">\n\t\t\t\t<div class=\"elementor-element elementor-element-0e49adb elementor-widget elementor-widget-heading\" data-id=\"0e49adb\" data-element_type=\"widget\" data-widget_type=\"heading.default\">\n\t\t\t\t<div class=\"elementor-widget-container\">\n\t\t\t\t\t<h2 class=\"elementor-heading-title elementor-size-default\"> \u00bfC\u00f3mo funciona?<\/h2>\t\t\t\t<\/div>\n\t\t\t\t<\/div>\n\t\t\t\t<div class=\"elementor-element elementor-element-3b8a95e elementor-widget elementor-widget-heading\" data-id=\"3b8a95e\" data-element_type=\"widget\" data-widget_type=\"heading.default\">\n\t\t\t\t<div class=\"elementor-widget-container\">\n\t\t\t\t\t<h2 class=\"elementor-heading-title elementor-size-default\">Ofrece m\u00e1s, sin esfuerzo<\/h2>\t\t\t\t<\/div>\n\t\t\t\t<\/div>\n\t\t\t\t<div class=\"elementor-element elementor-element-d243019 elementor-widget elementor-widget-text-editor\" data-id=\"d243019\" data-element_type=\"widget\" data-widget_type=\"text-editor.default\">\n\t\t\t\t<div class=\"elementor-widget-container\">\n\t\t\t\t\t\t\t\t\t<p>Activa oportunidades de venta en el momento justo, directamente desde WhatsApp, y deja que tus servicios se vendan solos.<\/p>\t\t\t\t\t\t\t\t<\/div>\n\t\t\t\t<\/div>\n\t\t\t\t\t<\/div>\n\t\t\t\t<\/div>\n\t\t<div class=\"elementor-element elementor-element-aabdfc4 e-flex e-con-boxed e-con e-parent\" data-id=\"aabdfc4\" data-element_type=\"container\">\n\t\t\t\t\t<div class=\"e-con-inner\">\n\t\t\t\t<div class=\"elementor-element elementor-element-3041f98 elementor-widget elementor-widget-html\" data-id=\"3041f98\" data-element_type=\"widget\" data-widget_type=\"html.default\">\n\t\t\t\t<div class=\"elementor-widget-container\">\n\t\t\t\t\t<script>\ndocument.addEventListener(\"DOMContentLoaded\", function () {\n    const imageDisplay = document.querySelector('.image-display img');\n    if (!imageDisplay) {\n        console.error(\"\u26a0\ufe0f No se encontr\u00f3 la imagen con clase 'image-display'\");\n        return;\n    }\n\n    const images = {\n        \"paso1\": \"https:\/\/blog.wacheckin.com\/wp-content\/uploads\/2025\/06\/Slider-WA-Checkin.gif\",\n        \"paso2\": \"https:\/\/blog.wacheckin.com\/wp-content\/uploads\/2025\/06\/Slider-WA-Checkin-1.gif\",\n        \"paso3\": \"https:\/\/blog.wacheckin.com\/wp-content\/uploads\/2025\/06\/Slider-WA-Checkin-2.gif\"\n    };\n\n    const items = document.querySelectorAll('.hover-item');\n\n    \/\/ Imagen inicial\n    imageDisplay.src = images[\"paso1\"];\n\n    \/\/ Marcar el primer contenedor como activo (paso1)\n    const firstItem = document.querySelector('.hover-item.paso1');\n    if (firstItem) {\n        firstItem.classList.add('active');\n    }\n\n    items.forEach(item => {\n        item.addEventListener('mouseenter', function () {\n            const matchedClass = [...this.classList].find(cls => cls.startsWith(\"paso\"));\n            if (matchedClass && images[matchedClass]) {\n                imageDisplay.src = images[matchedClass];\n\n                \/\/ Quitar clase active de todos\n                items.forEach(i => i.classList.remove('active'));\n\n                \/\/ Agregar clase active al actual\n                this.classList.add('active');\n            }\n        });\n    });\n});\n<\/script>\n\t\t\t\t<\/div>\n\t\t\t\t<\/div>\n\t\t\t\t<div class=\"elementor-element elementor-element-b4b49e5 elementor-widget elementor-widget-html\" data-id=\"b4b49e5\" data-element_type=\"widget\" data-widget_type=\"html.default\">\n\t\t\t\t<div class=\"elementor-widget-container\">\n\t\t\t\t\t<style>\n.hover-item.active {\n    border: 1px solid #13af4d; \/* Puedes cambiar el color *\/\n    border-radius: 8px;\n    transition: border 0.3s ease;\n}\n<\/style>\n\t\t\t\t<\/div>\n\t\t\t\t<\/div>\n\t\t\t\t\t<\/div>\n\t\t\t\t<\/div>\n\t\t<div class=\"elementor-element elementor-element-d144bf6 e-flex e-con-boxed e-con e-parent\" data-id=\"d144bf6\" data-element_type=\"container\">\n\t\t\t\t\t<div class=\"e-con-inner\">\n\t\t<div class=\"elementor-element elementor-element-4d8fac9 e-con-full e-flex e-con e-child\" data-id=\"4d8fac9\" data-element_type=\"container\" data-settings=\"{&quot;background_background&quot;:&quot;classic&quot;}\">\n\t\t<div class=\"elementor-element elementor-element-1b2ac90 e-con-full hover-item paso1 e-flex e-con e-child\" data-id=\"1b2ac90\" data-element_type=\"container\" data-settings=\"{&quot;background_background&quot;:&quot;classic&quot;}\" data-image=\"\">\n\t\t\t\t<div class=\"elementor-element elementor-element-432b7a2 elementor-position-left elementor-vertical-align-top elementor-widget elementor-widget-image-box\" data-id=\"432b7a2\" data-element_type=\"widget\" data-widget_type=\"image-box.default\">\n\t\t\t\t<div class=\"elementor-widget-container\">\n\t\t\t\t\t<div class=\"elementor-image-box-wrapper\"><figure class=\"elementor-image-box-img\"><img decoding=\"async\" width=\"388\" height=\"332\" src=\"https:\/\/blog.wacheckin.com\/wp-content\/uploads\/2025\/06\/icon-vnetas-cruzadas.png\" class=\"attachment-full size-full wp-image-2420\" alt=\"\" srcset=\"https:\/\/blog.wacheckin.com\/wp-content\/uploads\/2025\/06\/icon-vnetas-cruzadas.png 388w, https:\/\/blog.wacheckin.com\/wp-content\/uploads\/2025\/06\/icon-vnetas-cruzadas-300x257.png 300w\" sizes=\"(max-width: 388px) 100vw, 388px\" \/><\/figure><div class=\"elementor-image-box-content\"><h3 class=\"elementor-image-box-title\">El hu\u00e9sped hace check-in<\/h3><p class=\"elementor-image-box-description\">Nuestro sistema detecta la entrada y activa el env\u00edo.<\/p><\/div><\/div>\t\t\t\t<\/div>\n\t\t\t\t<\/div>\n\t\t\t\t<\/div>\n\t\t<div class=\"elementor-element elementor-element-cf5c5d2 e-con-full hover-item paso2 e-flex e-con e-child\" data-id=\"cf5c5d2\" data-element_type=\"container\" data-settings=\"{&quot;background_background&quot;:&quot;classic&quot;}\" data-image=\"\">\n\t\t\t\t<div class=\"elementor-element elementor-element-1c3e1f2 elementor-position-left elementor-vertical-align-top elementor-widget elementor-widget-image-box\" data-id=\"1c3e1f2\" data-element_type=\"widget\" data-widget_type=\"image-box.default\">\n\t\t\t\t<div class=\"elementor-widget-container\">\n\t\t\t\t\t<div class=\"elementor-image-box-wrapper\"><figure class=\"elementor-image-box-img\"><img loading=\"lazy\" decoding=\"async\" width=\"320\" height=\"234\" src=\"https:\/\/blog.wacheckin.com\/wp-content\/uploads\/2025\/06\/icon-vnetas-cruzadas-2.png\" class=\"attachment-full size-full wp-image-2418\" alt=\"\" srcset=\"https:\/\/blog.wacheckin.com\/wp-content\/uploads\/2025\/06\/icon-vnetas-cruzadas-2.png 320w, https:\/\/blog.wacheckin.com\/wp-content\/uploads\/2025\/06\/icon-vnetas-cruzadas-2-300x219.png 300w\" sizes=\"(max-width: 320px) 100vw, 320px\" \/><\/figure><div class=\"elementor-image-box-content\"><h3 class=\"elementor-image-box-title\">Recibe un mensaje por WhatsApp<\/h3><p class=\"elementor-image-box-description\">Sin apps extra ni registros, accede desde un enlace personalizado.<\/p><\/div><\/div>\t\t\t\t<\/div>\n\t\t\t\t<\/div>\n\t\t\t\t<\/div>\n\t\t<div class=\"elementor-element elementor-element-e08f7a6 e-con-full hover-item paso3 e-flex e-con e-child\" data-id=\"e08f7a6\" data-element_type=\"container\" data-settings=\"{&quot;background_background&quot;:&quot;classic&quot;}\" data-image=\"\">\n\t\t\t\t<div class=\"elementor-element elementor-element-cca0526 elementor-position-left elementor-vertical-align-top elementor-widget elementor-widget-image-box\" data-id=\"cca0526\" data-element_type=\"widget\" data-widget_type=\"image-box.default\">\n\t\t\t\t<div class=\"elementor-widget-container\">\n\t\t\t\t\t<div class=\"elementor-image-box-wrapper\"><figure class=\"elementor-image-box-img\"><img loading=\"lazy\" decoding=\"async\" width=\"332\" height=\"236\" src=\"https:\/\/blog.wacheckin.com\/wp-content\/uploads\/2025\/06\/icon-vnetas-cruzadas-3.png\" class=\"attachment-full size-full wp-image-2419\" alt=\"\" srcset=\"https:\/\/blog.wacheckin.com\/wp-content\/uploads\/2025\/06\/icon-vnetas-cruzadas-3.png 332w, https:\/\/blog.wacheckin.com\/wp-content\/uploads\/2025\/06\/icon-vnetas-cruzadas-3-300x213.png 300w\" sizes=\"(max-width: 332px) 100vw, 332px\" \/><\/figure><div class=\"elementor-image-box-content\"><h3 class=\"elementor-image-box-title\">Explora y solicita servicios<\/h3><p class=\"elementor-image-box-description\">El hu\u00e9sped puede ver todos los servicios que hayas configurado: desayunos, traslados, tours, experiencias, etc.<\/p><\/div><\/div>\t\t\t\t<\/div>\n\t\t\t\t<\/div>\n\t\t\t\t<\/div>\n\t\t\t\t<\/div>\n\t\t<div class=\"elementor-element elementor-element-3e7aa42 e-con-full e-flex e-con e-child\" data-id=\"3e7aa42\" data-element_type=\"container\">\n\t\t\t\t<div class=\"elementor-element elementor-element-49bb817 image-display elementor-widget elementor-widget-image\" data-id=\"49bb817\" data-element_type=\"widget\" data-widget_type=\"image.default\">\n\t\t\t\t<div class=\"elementor-widget-container\">\n\t\t\t\t\t\t\t\t\t\t\t\t\t\t\t<img decoding=\"async\" src=\"https:\/\/blog.wacheckin.com\/wp-content\/plugins\/elementor\/assets\/images\/placeholder.png\" title=\"\" alt=\"\" loading=\"lazy\" \/>\t\t\t\t\t\t\t\t\t\t\t\t\t\t\t<\/div>\n\t\t\t\t<\/div>\n\t\t\t\t<\/div>\n\t\t\t\t\t<\/div>\n\t\t\t\t<\/div>\n\t\t<div class=\"elementor-element elementor-element-0beec92 e-flex e-con-boxed e-con e-parent\" data-id=\"0beec92\" data-element_type=\"container\">\n\t\t\t\t\t<div class=\"e-con-inner\">\n\t\t\t\t<div class=\"elementor-element elementor-element-315b6fa elementor-widget elementor-widget-heading\" data-id=\"315b6fa\" data-element_type=\"widget\" data-widget_type=\"heading.default\">\n\t\t\t\t<div class=\"elementor-widget-container\">\n\t\t\t\t\t<h2 class=\"elementor-heading-title elementor-size-default\">\u00bfPor qu\u00e9 usar ventas cruzadas autom\u00e1ticas?<\/h2>\t\t\t\t<\/div>\n\t\t\t\t<\/div>\n\t\t\t\t<div class=\"elementor-element elementor-element-7c89e68 elementor-widget elementor-widget-text-editor\" data-id=\"7c89e68\" data-element_type=\"widget\" data-widget_type=\"text-editor.default\">\n\t\t\t\t<div class=\"elementor-widget-container\">\n\t\t\t\t\t\t\t\t\t<p class=\"\" data-start=\"187\" data-end=\"444\">Convierte cada check-in en una oportunidad para aumentar ingresos y mejorar la experiencia del hu\u00e9sped.<\/p>\t\t\t\t\t\t\t\t<\/div>\n\t\t\t\t<\/div>\n\t\t\t\t\t<\/div>\n\t\t\t\t<\/div>\n\t\t<div class=\"elementor-element elementor-element-dfa4be6 e-flex e-con-boxed e-con e-parent\" data-id=\"dfa4be6\" data-element_type=\"container\">\n\t\t\t\t\t<div class=\"e-con-inner\">\n\t\t<div class=\"elementor-element elementor-element-e259235 e-con-full e-flex e-con e-child\" data-id=\"e259235\" data-element_type=\"container\" data-settings=\"{&quot;background_background&quot;:&quot;classic&quot;}\">\n\t\t\t\t<div class=\"elementor-element elementor-element-a7128d3 elementor-position-left elementor-vertical-align-middle elementor-widget elementor-widget-image-box\" data-id=\"a7128d3\" data-element_type=\"widget\" data-widget_type=\"image-box.default\">\n\t\t\t\t<div class=\"elementor-widget-container\">\n\t\t\t\t\t<div class=\"elementor-image-box-wrapper\"><figure class=\"elementor-image-box-img\"><img loading=\"lazy\" decoding=\"async\" width=\"512\" height=\"512\" src=\"https:\/\/blog.wacheckin.com\/wp-content\/uploads\/2025\/06\/profit_6978403.png\" class=\"attachment-full size-full wp-image-2424\" alt=\"\" srcset=\"https:\/\/blog.wacheckin.com\/wp-content\/uploads\/2025\/06\/profit_6978403.png 512w, https:\/\/blog.wacheckin.com\/wp-content\/uploads\/2025\/06\/profit_6978403-300x300.png 300w, https:\/\/blog.wacheckin.com\/wp-content\/uploads\/2025\/06\/profit_6978403-150x150.png 150w\" sizes=\"(max-width: 512px) 100vw, 512px\" \/><\/figure><div class=\"elementor-image-box-content\"><h3 class=\"elementor-image-box-title\">M\u00e1s ingresos sin m\u00e1s esfuerzo<\/h3><\/div><\/div>\t\t\t\t<\/div>\n\t\t\t\t<\/div>\n\t\t\t\t<div class=\"elementor-element elementor-element-7536d26 elementor-widget elementor-widget-text-editor\" data-id=\"7536d26\" data-element_type=\"widget\" data-widget_type=\"text-editor.default\">\n\t\t\t\t<div class=\"elementor-widget-container\">\n\t\t\t\t\t\t\t\t\t<div class=\"flex flex-1 grow basis-auto flex-col overflow-hidden\"><div class=\"relative h-full\"><div class=\"flex h-full flex-col overflow-y-auto [scrollbar-gutter:stable]\"><div class=\"mt-1.5 flex flex-col text-sm @thread-xl\/thread:pt-header-height md:pb-9\"><article class=\"group\/turn w-full text-token-text-primary focus-visible:outline-2 focus-visible:outline-offset-[-4px]\" dir=\"auto\" data-testid=\"conversation-turn-924\" data-scroll-anchor=\"true\"><div class=\"text-base my-auto mx-auto py-[18px] px-6\"><div class=\"mx-auto flex flex-1 text-base gap-4 md:gap-5 lg:gap-6 md:max-w-3xl lg:max-w-[40rem] xl:max-w-[48rem]\"><div class=\"group\/conversation-turn relative flex w-full min-w-0 flex-col agent-turn @xs\/thread:px-0 @sm\/thread:px-1.5 @md\/thread:px-4\"><div class=\"flex-col gap-1 md:gap-3\"><div class=\"flex max-w-full flex-col flex-grow\"><div class=\"min-h-8 text-message relative flex w-full flex-col items-end gap-2 whitespace-normal break-words text-start [.text-message+&amp;]:mt-5\" dir=\"auto\" data-message-author-role=\"assistant\" data-message-id=\"5f679647-85ce-4dde-9a61-5a9186ae8726\" data-message-model-slug=\"gpt-4o\"><div class=\"flex w-full flex-col gap-1 empty:hidden first:pt-[3px]\"><div class=\"markdown prose w-full break-words dark:prose-invert light\"><p data-start=\"128\" data-end=\"335\" data-is-last-node=\"\" data-is-only-node=\"\">Activa nuevas fuentes de ingreso sin intervenci\u00f3n manual. El sistema env\u00eda autom\u00e1ticamente la oferta de servicios justo cuando el hu\u00e9sped llega, aumentando la posibilidad de conversi\u00f3n.<\/p><\/div><\/div><\/div><\/div><\/div><\/div><\/div><\/div><\/article><\/div><\/div><\/div><\/div>\t\t\t\t\t\t\t\t<\/div>\n\t\t\t\t<\/div>\n\t\t\t\t<\/div>\n\t\t<div class=\"elementor-element elementor-element-b4202ac e-con-full e-flex e-con e-child\" data-id=\"b4202ac\" data-element_type=\"container\" data-settings=\"{&quot;background_background&quot;:&quot;classic&quot;}\">\n\t\t\t\t<div class=\"elementor-element elementor-element-3100dde elementor-position-left elementor-vertical-align-middle elementor-widget elementor-widget-image-box\" data-id=\"3100dde\" data-element_type=\"widget\" data-widget_type=\"image-box.default\">\n\t\t\t\t<div class=\"elementor-widget-container\">\n\t\t\t\t\t<div class=\"elementor-image-box-wrapper\"><figure class=\"elementor-image-box-img\"><img loading=\"lazy\" decoding=\"async\" width=\"512\" height=\"512\" src=\"https:\/\/blog.wacheckin.com\/wp-content\/uploads\/2025\/06\/rating_2665195.png\" class=\"attachment-full size-full wp-image-2425\" alt=\"\" srcset=\"https:\/\/blog.wacheckin.com\/wp-content\/uploads\/2025\/06\/rating_2665195.png 512w, https:\/\/blog.wacheckin.com\/wp-content\/uploads\/2025\/06\/rating_2665195-300x300.png 300w, https:\/\/blog.wacheckin.com\/wp-content\/uploads\/2025\/06\/rating_2665195-150x150.png 150w\" sizes=\"(max-width: 512px) 100vw, 512px\" \/><\/figure><div class=\"elementor-image-box-content\"><h3 class=\"elementor-image-box-title\">Experiencia personalizada en tiempo real<\/h3><\/div><\/div>\t\t\t\t<\/div>\n\t\t\t\t<\/div>\n\t\t\t\t<div class=\"elementor-element elementor-element-3a86db7 elementor-widget elementor-widget-text-editor\" data-id=\"3a86db7\" data-element_type=\"widget\" data-widget_type=\"text-editor.default\">\n\t\t\t\t<div class=\"elementor-widget-container\">\n\t\t\t\t\t\t\t\t\t<p class=\"\" data-start=\"150\" data-end=\"414\">Cada hu\u00e9sped recibe un mensaje directo, claro y adaptado al alojamiento. As\u00ed, pueden explorar y solicitar servicios adicionales desde su m\u00f3vil, sin tener que preguntar ni buscar informaci\u00f3n.<\/p>\t\t\t\t\t\t\t\t<\/div>\n\t\t\t\t<\/div>\n\t\t\t\t<\/div>\n\t\t\t\t\t<\/div>\n\t\t\t\t<\/div>\n\t\t\t\t<\/div>\n\t\t","protected":false},"excerpt":{"rendered":"<p>Upselling para alojamientos Ofrece servicios y experiencias al WhatsApp de tu hu\u00e9sped Convierte cada reserva en una oportunidad para aumentar tus ingresos. Con nuestras herramientas de ventas cruzadas, puedes promocionar servicios adicionales de forma autom\u00e1tica y sin fricciones. Tus hu\u00e9spedes reciben sugerencias \u00fatiles y t\u00fa aumentas el valor de cada estancia. Pruebala Gratis Ventas cruzadas [&hellip;]<\/p>\n","protected":false},"author":1,"featured_media":0,"parent":0,"menu_order":0,"comment_status":"closed","ping_status":"closed","template":"","meta":{"footnotes":""},"class_list":["post-2374","page","type-page","status-publish","hentry"],"_links":{"self":[{"href":"https:\/\/blog.wacheckin.com\/index.php\/wp-json\/wp\/v2\/pages\/2374","targetHints":{"allow":["GET"]}}],"collection":[{"href":"https:\/\/blog.wacheckin.com\/index.php\/wp-json\/wp\/v2\/pages"}],"about":[{"href":"https:\/\/blog.wacheckin.com\/index.php\/wp-json\/wp\/v2\/types\/page"}],"author":[{"embeddable":true,"href":"https:\/\/blog.wacheckin.com\/index.php\/wp-json\/wp\/v2\/users\/1"}],"replies":[{"embeddable":true,"href":"https:\/\/blog.wacheckin.com\/index.php\/wp-json\/wp\/v2\/comments?post=2374"}],"version-history":[{"count":79,"href":"https:\/\/blog.wacheckin.com\/index.php\/wp-json\/wp\/v2\/pages\/2374\/revisions"}],"predecessor-version":[{"id":3664,"href":"https:\/\/blog.wacheckin.com\/index.php\/wp-json\/wp\/v2\/pages\/2374\/revisions\/3664"}],"wp:attachment":[{"href":"https:\/\/blog.wacheckin.com\/index.php\/wp-json\/wp\/v2\/media?parent=2374"}],"curies":[{"name":"wp","href":"https:\/\/api.w.org\/{rel}","templated":true}]}}